h. Calculate the remainder when c is divided by 16.
13
What is the remainder when 40 is divided by 1/(-2) + 65/10?
4
Suppose 0 = 2*y - l - 11, -2*y + 5 = -4*l - 3. What is the remainder when ((-55)/(-10))/((-2)/(-4)) is divided by y?
5
Suppose 5 = h - 9*j + 4*j, -2*h = -j - 1. Suppose h = -t - 3*t + 28. Let l = 26 - t. What is the remainder when 36 is divided by l?
17
Let k(h) = -12*h. Let j be k(1). Let q = j - -14. What is the remainder when q is divided by 2?
0
Calculate the remainder when 13 is divided by (-10 - -7)*(-5)/3.
3
Let o = 151 - 99. Let r = o - 27. Calculate the remainder when r is divided by 9.
7
Suppose -9 = -g + 6. Calculate the remainder when 85 is divided by g.
10
Let r be -4 - (7 + -3)*-6. What is the remainder when -80*1/(r/(-8)) is divided by 7?
4
Let j be 2/7 + 864/14. Suppose 6*a + w = 3*a + 34, 5*a = -3*w + j. What is the remainder when a is divided by 3?
1
Suppose 0 = q, -13 + 5 = -2*h - 4*q. Suppose 3*a = -0*a + 15. Suppose -4*k - a*b + 48 = 11, -5*k + b = -10. What is the remainder when h is divided by k?
1
Let d = -88 - -132. Calculate the remainder when 85 is divided by d.
41
Calculate the remainder when (-3 - -4) + 1 + 7 is divided by 5.
4
Let p = 42 - 26. What is the remainder when 43 is divided by p?
11
Let a = -2 + 4. Suppose 4*u = 3*u + a. Let l(t) = t - 1. What is the remainder when u is divided by l(3)?
0
Suppose -w + f = -0*w - 57, w = 5*f + 65. Suppose 4*o + 3*n = 3*o + 28, 5*o = 3*n + 86. Calculate the remainder when w is divided by o.
17
What is the remainder when 23 is divided by -1*(-9 - 15/(1 + -6))?
5
Let r = 4 - 3. Let v(t) = 5*t**2 + t - 1. Let d be v(r). Suppose 4*c - 68 = -y - 17, 0 = -d*c + 20. Calculate the remainder when y is divided by 12.
11
Let f(w) = 2*w + 7. Let s be f(-6). Let c(z) = -3*z**2 - 3*z + 6. Let o be c(s). What is the remainder when (o/4)/((-2)/4) is divided by 14?
13
Let n = 12 - 7. Suppose 2*i - n = -3*w, 4*i - 3*w - 20 = w. Suppose -8*f = -i*f - 28. What is the remainder when 18 is divided by f?
4
Let m be (-16)/10*(-21 + 6). Suppose 4*o - m = 2*o. Suppose -75 = -4*k + 17. Calculate the remainder when k is divided by o.
11
Let w(p) = -56*p**3 + p. What is the remainder when w(-1) is divided by 19?
17
Let g(y) = -2*y - 6. Let f be g(7). Let m = f + 39. Let o(u) = 3*u - 4. Calculate the remainder when m is divided by o(3).
4
Suppose 3*c - 2*q + q = 67, 5*q = -5. Let n(f) = f - c*f**3 - f + 1 - 2*f**2 + 2*f**3. What is the remainder when n(-1) is divided by 11?
8
Suppose 3*v + 4 = 4*v. Suppose -5*t - v*i + 25 = -2, 0 = -t + i. Suppose -t*d = -5*d + 5*n + 2, 4*d = 4*n + 28. Calculate the remainder when 31 is divided by d.
9
Suppose -4*b + b = -6. Let u = b + -4. Calculate the remainder when 145/20 - u/(-8) is divided by 3.
1
Suppose 33 + 35 = 2*r. Suppose -r = -2*n + 14. What is the remainder when 70 is divided by n?
22
Let j = 22 + -54. Let s = -15 - j. What is the remainder when (-3)/2*(-24 - -2) is divided by s?
16
Suppose 4*g - 3*c = 70, 4*g - 78 + 10 = 2*c. Calculate the remainder when 60 is divided by g.
12
Let r(o) = 4*o - 24. Calculate the remainder when r(16) is divided by 15.
10
Let x(p) = -p**2 + 13*p + 2. Calculate the remainder when x(11) is divided by 9.
6
Let b(v) = v + 10. What is the remainder when b(0) is divided by 7/2*(-24)/(-14)?
4
Let x = 3 + 13. Calculate the remainder when 31 is divided by x.
15
Let z = 17 - 14. Suppose 3*k + 0*k = -3*a + 21, -4*a + z = -k. Calculate the remainder when 23 is divided by k.
3
Suppose 108 = a + 83. Let n = 6 + 3. What is the remainder when a is divided by n?
7
What is the remainder when 352/12*(1 + 2)*5 is divided by 63?
62
Suppose 29*y - 25*y = 428. Calculate the remainder when y is divided by 37.
33
Let d(l) = -l**3 - 7*l**2 + l - 2. Let w be d(-7). Let h = -3 - w. What is the remainder when h is divided by 3?
0
Let o = -8 + 11. Calculate the remainder when -2 - (1 - 1) - -6 is divided by o.
1
Suppose -6*k = -5*k - a - 15, 4*k + 2*a - 30 = 0. What is the remainder when 79 is divided by k?
9
Let w = 0 + 0. Let b(m) = m + 14. Let r = 88 + -83. What is the remainder when b(w) is divided by r?
4
Let q(u) = -6*u + 5. Let l(j) = j**2 - 3*j - 1. Let v be l(2). Let k = -3 + v. Calculate the remainder when q(k) is divided by 14.
13
Suppose -3*n - 11 = -4*u, 0 = 4*u - n + 1 - 2. Let y = 0 + u. Let c(g) = -11*g + 1. What is the remainder when 35 is divided by c(y)?
11
Let v = 38 - 53. Let s(n) = n**3 + 5*n**2 - 3*n - 11. Calculate the remainder when 4/(-8) + v/(-2) is divided by s(-5).
3
Suppose -5*i + 71 - 21 = 0. Let r = 51 - 28. What is the remainder when r is divided by (36/10)/(3/i)?
11
Suppose 76 = 2*d + 2*a, 0 = 5*d - 2*a - 99 - 70. Suppose -5*y + 3*y = x - d, 2*y - 44 = -4*x. What is the remainder when y is divided by 9?
7
Suppose -r = 3*p - 20, 8 - 24 = -4*p. Let w be (-3)/9 - 6/9. What is the remainder when (-1 - -3) + (-12)/w is divided by r?
6
Let b = -2 - 6. Let h = b - -38. Calculate the remainder when (-6)/(-5)*h/12 is divided by 2.
1
Let s(b) = -6*b + 5. Let w(y) = -y + 1. Let m(h) = s(h) - 3*w(h). Let i = 33 + -36. What is the remainder when 32 is divided by m(i)?
10
Suppose 0 = 3*q - 91 + 7. Let j(v) = v**2 - 8*v + 5. Let d be j(7). Let u = 13 - d. What is the remainder when q is divided by u?
13
Let v(y) = -y**3 + 7*y**2 + 2*y. Let a be (8/16)/(1/14). Calculate the remainder when 41 is divided by v(a).
13
Suppose 0 = -8*v + 6*v + 12. Let o = 7 - 13. Let b = -2 - o. What is the remainder when v is divided by b?
2
Suppose 0 = s + 3*s - 100. Suppose -3*f + 4*w + 9 = 0, -3*f - 2*w + 13 = -2*f. Calculate the remainder when s is divided by f.
4
Let y be 6/4*(2 + 0). Let p = 42 + -39. Suppose p*o + 2*o = 0, y*s - 30 = o. Calculate the remainder when s is divided by 6.
4
Suppose -4*a + 9*a = 30. Suppose 43 - a = h. What is the remainder when h is divided by 8?
5
Let t be 1 + (-2)/(-1) + 1. Let x(n) = n**2 - 2 - 5 + t*n + 2*n. Calculate the remainder when 25 is divided by x(-8).
7
Suppose 24 = g + 3*n, 2*g + 2*n - 46 = -2*g. Suppose -5*v + 0*v + 20 = 0. Calculate the remainder when v is divided by g/4 + (-3)/12.
0
Let c(x) = 4*x**2 - 4*x + 1. Let d = 5 + 4. Suppose 0*a = a - d. Calculate the remainder when c(3) is divided by a.
7
Let m = 17 - 8. Suppose -5*i + 5*o + 20 = 0, 2*i - 4*o = m + 3. Suppose -136 = i*h - 6*h. Calculate the remainder when h is divided by 12.
10
Let w = 19 - 10. Let z = -43 + 68. Calculate the remainder when z is divided by w.
7
Suppose 2*r = -5 + 13. Suppose 0*f + 5*k = 3*f - 51, r*k = 0. Let n(z) = z**3 + 3*z**2 - 7*z - 6. What is the remainder when f is divided by n(-4)?
5
Let f(h) = -3*h - 5. Calculate the remainder when f(-14) is divided by 10.
7
What is the remainder when ((-6)/(-8))/(-2 - (-548)/272) is divided by 3?
0
Let r = -32 - -60. What is the remainder when r is divided by 11?
6
Suppose -28 = 7*i - 5*i. Calculate the remainder when (-2)/(-7) - 906/i is divided by 22.
21
Suppose -8*h = -162 - 694. Calculate the remainder when h is divided by (-4 + 5)/(2/54).
26
Let f be (-2)/10 - (-82)/10. Let v be (-12)/((30/f)/(-5)). Suppose 0 = x - v - 9. What is the remainder when x is divided by 9?
7
Let s(w) = w**2 - 3*w - 2. Let x = -12 - -20. Suppose c = x + 1. Calculate the remainder when s(-4) is divided by c.
8
Let z = -5 - -4. Let x = z + -4. Let g(a) = a**2 + 3*a + 5. Calculate the remainder when 28 is divided by g(x).
13
Suppose 4*x + 0*z - 293 = -3*z, 210 = 3*x - z. What is the remainder when x is divided by 18?
17
Suppose 0 = 4*m - 20 - 32. Suppose -m = 2*z - 5, 0 = 3*i - 3*z - 84. Calculate the remainder when 94 is divided by i.
22
Suppose -g + 6*g = -540. Let t = -76 - g. What is the remainder when t is divided by 17?
15
Calculate the remainder when 19 is divided by -1 + 2*(3 - -1).
5
Let s(u) = -u**2 - 9*u - 13. Let j be s(-10). Let p = 54 + j. Calculate the remainder when p is divided by 16.
15
Let m(f) = -2*f**2 - 14*f - 9. Let j be (1 - (-2 + 2)) + -1. Suppose -3*q = -j*q - 24. What is the remainder when m(-4) is divided by q?
7
Let g(m) = m**3 + 14*m**2 - 6*m. Let c be -13 + -2 + 4 + -3. What is the remainder when g(c) is divided by 17?
16
Let w = 78 - 3. Suppose 4*k = 45 + w. Suppose -a + k = -10. Calculate the remainder when a is divided by 14.
12
Suppose 0 = -l - 2, 9*d 